d 88?
8
What is the greatest common divisor of 3573 and 9?
9
What is the greatest common factor of 80 and 540?
20
Calculate the highest common factor of 132 and 9.
3
What is the greatest common divisor of 33557 and 23?
23
What is the highest common divisor of 22 and 66?
22
Calculate the highest common divisor of 980 and 260.
20
What is the greatest common divisor of 10 and 38?
2
Calculate the greatest common divisor of 18 and 1320.
6
Calculate the highest common divisor of 4 and 722.
2
Calculate the highest common divisor of 31 and 10819.
31
What is the greatest common divisor of 38 and 722?
38
What is the highest common divisor of 744 and 9?
3
Calculate the highest common divisor of 21 and 42.
21
Calculate the highest common factor of 1034 and 22.
22
Calculate the greatest common divisor of 12 and 138.
6
Calculate the highest common factor of 2826 and 36.
18
Calculate the greatest common factor of 530 and 212.
106
What is the highest common factor of 80 and 620?
20
What is the highest common factor of 1442 and 1854?
206
What is the greatest common factor of 52 and 325?
13
Calculate the greatest common divisor of 243 and 54.
27
What is the highest common factor of 43 and 731?
43
What is the greatest common divisor of 158 and 711?
79
What is the greatest common factor of 1232 and 352?
176
Calculate the highest common factor of 13 and 1755.
13
Calculate the greatest common factor of 38 and 589.
19
What is the greatest common divisor of 247 and 38?
19
Calculate the highest common factor of 203 and 42.
7
Calculate the highest common factor of 26 and 338.
26
What is the highest common factor of 16 and 2896?
16
Calculate the greatest common factor of 384 and 168.
24
Calculate the greatest common divisor of 8666 and 28.
14
Calculate the greatest common divisor of 459 and 216.
27
What is the highest common factor of 369 and 27?
9
What is the greatest common factor of 3982 and 330?
22
What is the highest common divisor of 2236 and 52?
52
Calculate the highest common factor of 175 and 800.
25
Calculate the highest common factor of 2329 and 411.
137
Calculate the greatest common divisor of 13 and 117.
13
Calculate the highest common divisor of 50 and 150.
50
Calculate the highest common divisor of 12 and 29292.
12
What is the highest common factor of 128 and 32?
32
What is the greatest common factor of 371 and 53?
53
What is the highest common divisor of 176 and 220?
44
What is the highest common divisor of 18 and 162?
18
Calculate the greatest common divisor of 55 and 22.
11
What is the greatest common divisor of 158 and 4582?
158
Calculate the greatest common divisor of 78 and 4017.
39
What is the highest common divisor of 285 and 60?
15
What is the greatest common divisor of 150 and 120?
30
What is the highest common divisor of 2170 and 2380?
70
What is the greatest common factor of 3885 and 210?
105
Calculate the highest common factor of 22 and 814.
22
What is the greatest common factor of 899 and 29?
29
Calculate the highest common divisor of 340 and 640.
20
What is the greatest common divisor of 737 and 11?
11
What is the greatest common factor of 14 and 686?
14
Calculate the highest common factor of 1222 and 26.
26
What is the greatest common factor of 54 and 27?
27
What is the greatest common divisor of 140 and 1470?
70
Calculate the greatest common factor of 11 and 3949.
11
What is the greatest common factor of 3749 and 46?
23
What is the greatest common factor of 146 and 7373?
73
What is the greatest common factor of 301 and 49?
7
Calculate the highest common factor of 225 and 300.
75
What is the greatest common divisor of 64 and 1016?
8
Calculate the highest common divisor of 1943 and 87.
29
Calculate the greatest common factor of 2697 and 279.
93
What is the greatest common divisor of 163 and 20864?
163
What is the highest common factor of 132 and 2676?
12
What is the greatest common divisor of 1053 and 39?
39
What is the greatest common factor of 170 and 1258?
34
What is the highest common factor of 167 and 55277?
167
What is the highest common divisor of 264 and 1368?
24
What is the highest common divisor of 364 and 280?
28
Calculate the greatest common divisor of 333 and 513.
9
What is the highest common factor of 96 and 168?
24
Calculate the highest common factor of 122 and 55754.
122
What is the greatest common divisor of 1128 and 2444?
188
What is the highest common divisor of 138 and 184?
46
What is the highest common factor of 989 and 86?
43
Calculate the greatest common factor of 408 and 84.
12
Calculate the greatest common factor of 3317 and 124.
31
What is the highest common divisor of 111 and 703?
37
Calculate the greatest common factor of 2698 and 76.
38
What is the highest common divisor of 2106 and 1296?
162
What is the highest common factor of 108 and 3267?
27
Calculate the greatest common divisor of 1331 and 121.
121
What is the highest common divisor of 504 and 8946?
126
What is the greatest common divisor of 207 and 15939?
207
What is the greatest common divisor of 80 and 496?
16
Calculate the highest common divisor of 506 and 264.
22
Calculate the highest common divisor of 5346 and 132.
66
Calculate the greatest common divisor of 18316 and 152.
76
What is the highest common factor of 2 and 38?
2
What is the highest common divisor of 34 and 5406?
34
What is the highest common divisor of 1035 and 45?
45
What is the greatest common divisor of 72 and 1206?
18
Calculate the highest common divisor of 27184 and 32.
16
Calculate the greatest common factor of 574 and 112.
14
Calculate the highest common factor of 252 and 204.
12
What is the highest common factor of 20 and 2175?
5
What is the highest common factor of 36 and 16?
4
What is the greatest common divisor of 99 and 2259?
9
Calculate the greatest common factor of 484 and 176.
44
What is the highest common divisor of 32695 and 26?
13
Calculate the greatest common factor of 377 and 232.
29
Calculate the greatest common factor of 60 and 540.
60
Calculate the highest common factor of 184 and 391.
23
Calculate the highest common divisor of 1222 and 26.
26
What is the highest common factor of 1092 and 756?
84
Calculate the greatest common divisor of 29 and 25027.
29
Calculate the highest common divisor of 144 and 18.
18
What is the greatest common divisor of 272 and 48?
16
What is the greatest common divisor of 76 and 3572?
76
Calculate the highest common factor of 2 and 18.
2
What is the highest common divisor of 3564 and 627?
33
Calculate the greatest common factor of 1744 and 16.
16
What is the highest common divisor of 2032 and 16?
16
Calculate the greatest common factor of 243 and 2259.
9
Calculate the greatest common factor of 61 and 549.
61
Calculate the greatest common divisor of 70 and 30.
10
What is the greatest common factor of 682 and 124?
62
What is the greatest common divisor of 12 and 21?
3
Calculate the highest common factor of 16298 and 203.
29
Calculate the highest common divisor of 1212 and 120.
12
Calculate the highest common factor of 1008 and 112.
112
Calculate the greatest common divisor of 126 and 490.
14
Calculate the highest common divisor of 156 and 12.
12
Calculate the highest common factor of 23 and 184.
23
What is the greatest common divisor of 855 and 6175?
95
What is the greatest common divisor of 654 and 42?
6
Calculate the greatest common divisor of 8036 and 328.
164
Calculate the highest common factor of 88 and 11.
11
Calculate the greatest common divisor of 18 and 1206.
18
Calculate the greatest common factor of 77 and 917.
7
Calculate the highest common divisor of 24 and 984.
24
Calculate the greatest common factor of 6936 and 119.
17
What is the highest common divisor of 4 and 2236?
4
Calculate the highest common divisor of 18304 and 39.
13
What is the greatest common divisor of 576 and 128?
64
What is the highest common factor of 1176 and 49?
49
Calculate the highest common factor of 53 and 7.
1
Calculate the greatest common divisor of 24 and 2272.
8
What is the greatest common factor of 18 and 5715?
9
Calculate the highest common divisor of 56 and 28.
28
Calculate the greatest common divisor of 3 and 390.
3
Calculate the greatest common factor of 209 and 817.
19
Calculate the highest common factor of 144 and 856.
8
Calculate the highes